{"id":254,"date":"2015-12-24T12:18:51","date_gmt":"2015-12-24T11:18:51","guid":{"rendered":"http:\/\/www.tupsicologobarcelona.com\/?page_id=254"},"modified":"2022-08-23T18:50:44","modified_gmt":"2022-08-23T16:50:44","slug":"lluis-cavalle","status":"publish","type":"page","link":"https:\/\/www.tupsicologobarcelona.com\/ca\/equip\/lluis-cavalle","title":{"rendered":"Llu\u00eds Cavall\u00e9"},"content":{"rendered":"<p>Sempre he tingut moltes inquietuds i un ventall d\u2019interessos molt ampli. Per aix\u00f2, vaig decidir formar-me en els dos camps que m\u00e9s m\u2019apassionen: la\u00a0<strong><a href=\"http:\/\/www.tupsicologobarcelona.com\/ca\/psicologia\">psicologia<\/a> cl\u00ednica<\/strong>\u00a0i la\u00a0<strong><a href=\"http:\/\/www.tupsicologobarcelona.com\/ca\/neuropsicologia\">neuropsicologia<\/a><\/strong>. Desenvolupo la meva professi\u00f3 de psic\u00f2leg\u00a0i\u00a0neuropsic\u00f2leg en\u00a0consulta presencial\u00a0a <strong>Barcelona<\/strong> i mitjan\u00e7ant <strong><a href=\"http:\/\/www.tupsicologobarcelona.com\/ca\/tractaments-online\">ter\u00e0pia online<\/a><\/strong>. Estic\u00a0col\u00b7legiat\u00a0amb el n\u00famero 20.176 al\u00a0Col\u00b7legi Oficial de Psicologia de Catalunya\u00a0i reconegut oficialment com a\u00a0<strong>psic\u00f2leg general sanitari<\/strong>\u00a0i com a <strong>expert en neuropsicologia cl\u00ednica<\/strong>.<\/p>\n<p>Dins\u00a0la\u00a0psicologia cl\u00ednica\u00a0em vaig formar des d&#8217;una perspectiva anomenada\u00a0<strong>cognitiva-conductual<\/strong>\u00a0a trav\u00e9s d&#8217;un m\u00e0ster en\u00a0psicologia cl\u00ednica i de la salut. Aquest \u00e9s l\u2019enfocament de refer\u00e8ncia en el moment de tractar l&#8217;\u00e0mplia gamma de\u00a0trastorns del comportament\u00a0hum\u00e0 i els\u00a0trastorns emocionals\u00a0com l\u2019ansietat,\u00a0depressi\u00f3\u00a0o\u00a0estr\u00e8s. No obstant, r\u00e0pidament em vaig interessar per altres eines. Per aix\u00f2 em vaig especialitzar en\u00a0ter\u00e0pia\u00a0<a href=\"http:\/\/www.tupsicologobarcelona.com\/ca\/preguntes-frequents\/que-es-la-emdr-364\">EMDR<\/a>\u00a0(eina molt \u00fatil en casos de\u00a0trauma) i en\u00a0<a href=\"http:\/\/www.tupsicologobarcelona.com\/ca\/preguntes-frequents\/que-es-la-trec-2-366\">TREC<\/a>\u00a0(Ter\u00e0pia Racional Emotiva Conductual) la qual permet comprendre com es relacionen els pensaments, la\u00a0conducta\u00a0i les\u00a0emocions.<\/p>\n<p>En\u00a0neuropsicologia\u00a0el que em motiva m\u00e9s, a banda del\u00a0diagn\u00f2stic, \u00e9s saber qu\u00e8 tenen preservat les persones, qu\u00e8 poden fer, i potenciar aquestes caracter\u00edstiques. Per aquest motiu em vaig interessar especialment per la\u00a0<a href=\"http:\/\/www.tupsicologobarcelona.com\/ca\/neuropsicologia\/rehabilitacio-neuropsicologica\">rehabilitaci\u00f3 neuropsicol\u00f2gica<\/a>\u00a0i\u00a0l\u2019<a href=\"http:\/\/www.tupsicologobarcelona.com\/ca\/neuropsicologia\/estimulacio-cognitiva\">estimulaci\u00f3 cognitiva<\/a> i he rebut formaci\u00f3 diversa relacionada en aquest \u00e0mbit.<\/p>\n<p>Actualment treballo a l\u2019Hospital Universitari Joan XXIII al servei de neurologia, tractant a pacients amb dany cerebral adquirit i malalties neurodegeneratives, i ho compagino amb la consulta, que \u00e9s la que m\u2019emociona enormement.<\/p>\n<p>Al llarg de la meva experi\u00e8ncia m&#8217;he adonat que gaudeixo especialment amb el contacte de tu a tu. Les dificultats que tots mostrem a l\u2019inici dels tractaments i de les ter\u00e0pies i com, mica en mica, anem posant els fonaments per fer un nou enfocament en les vides. \u00c9s precisament per aquest motiu que sempre he dit i defensat que la meva professi\u00f3 (la psicologia i la neuropsicologia) \u00e9s motivadora i especial.<\/p>\n<h2>Formaci\u00f3 espec\u00edfica<\/h2>\n<ul>\n<li><strong>Llicenciat en Psicologia<\/strong>. Universitat Rovira i Virgili, Tarragona.<\/li>\n<li><strong>M\u00e0ster en Psicologia Cl\u00ednica i Medicina Conductual<\/strong>. Universitat Aut\u00f2noma de Barcelona.<\/li>\n<li><strong>Nivell avan\u00e7at en ter\u00e0pia EMDR<\/strong> (Eye Movement Desensitization and Reprocessing). Associaci\u00f3n EMDR Espa\u00f1a, Madrid.<\/li>\n<li><strong>M\u00e0ster Oficial en Neurorehabilitaci\u00f3 i Estimulaci\u00f3 Cognitiva<\/strong>. Institut Guttmann, Badalona.<\/li>\n<li><strong>M\u00e0ster de Neuropsicologia i Neurologia de la Conducta<\/strong>. Universitat Aut\u00f2noma de Barcelona.<\/li>\n<li><strong>M\u00e0ster en Ter\u00e0pia Racional Emotiva Conductual<\/strong>. Institut RET, Barcelona.<\/li>\n<li><strong>Acreditaci\u00f3 Oficial com a Psic\u00f2leg General Sanitari<\/strong>.\u00a0Col\u00b7legi Oficial de Psicologia de Catalunya.<\/li>\n<li><strong>Acreditaci\u00f3 d&#8217;Expertesa Nacional en Neuropsicologia Cl\u00ednica. <\/strong>Consejo General de la Psicolog\u00eda de Espanya.<\/li>\n<li><strong>Especialitzaci\u00f3 en Psicologia Forense.<\/strong>\u00a0Col\u00b7legi Oficial de Psicologia de Catalunya.<\/li>\n<li><strong>Especialitzaci\u00f3 en Dem\u00e8ncies i Altres Afectacions Neurodegeneratives<\/strong>. Universitat Oberta de Catalunya.<\/li>\n<\/ul>\n","protected":false},"excerpt":{"rendered":"<p>Sempre he tingut moltes inquietuds i un ventall d\u2019interessos molt ampli. Per aix\u00f2, vaig decidir formar-me en els dos camps que m\u00e9s m\u2019apassionen: la\u00a0psicologia cl\u00ednica\u00a0i la\u00a0neuropsicologia. Desenvolupo la meva professi\u00f3 de psic\u00f2leg\u00a0i\u00a0neuropsic\u00f2leg en\u00a0consulta presencial\u00a0a Barcelona i mitjan\u00e7ant ter\u00e0pia online. Estic\u00a0col\u00b7legiat\u00a0amb el n\u00famero 20.176 al\u00a0Col\u00b7legi Oficial de Psicologia de Catalunya\u00a0i reconegut oficialment com a\u00a0psic\u00f2leg general sanitari\u00a0i [&hellip;]<\/p>\n","protected":false},"author":1,"featured_media":759,"parent":875,"menu_order":0,"comment_status":"closed","ping_status":"closed","template":"page-biography.php","meta":{"footnotes":""},"class_list":["post-254","page","type-page","status-publish","has-post-thumbnail","hentry"],"_links":{"self":[{"href":"https:\/\/www.tupsicologobarcelona.com\/ca\/wp-json\/wp\/v2\/pages\/254","targetHints":{"allow":["GET"]}}],"collection":[{"href":"https:\/\/www.tupsicologobarcelona.com\/ca\/wp-json\/wp\/v2\/pages"}],"about":[{"href":"https:\/\/www.tupsicologobarcelona.com\/ca\/wp-json\/wp\/v2\/types\/page"}],"author":[{"embeddable":true,"href":"https:\/\/www.tupsicologobarcelona.com\/ca\/wp-json\/wp\/v2\/users\/1"}],"replies":[{"embeddable":true,"href":"https:\/\/www.tupsicologobarcelona.com\/ca\/wp-json\/wp\/v2\/comments?post=254"}],"version-history":[{"count":11,"href":"https:\/\/www.tupsicologobarcelona.com\/ca\/wp-json\/wp\/v2\/pages\/254\/revisions"}],"predecessor-version":[{"id":1041,"href":"https:\/\/www.tupsicologobarcelona.com\/ca\/wp-json\/wp\/v2\/pages\/254\/revisions\/1041"}],"up":[{"embeddable":true,"href":"https:\/\/www.tupsicologobarcelona.com\/ca\/wp-json\/wp\/v2\/pages\/875"}],"wp:featuredmedia":[{"embeddable":true,"href":"https:\/\/www.tupsicologobarcelona.com\/ca\/wp-json\/wp\/v2\/media\/759"}],"wp:attachment":[{"href":"https:\/\/www.tupsicologobarcelona.com\/ca\/wp-json\/wp\/v2\/media?parent=254"}],"curies":[{"name":"wp","href":"https:\/\/api.w.org\/{rel}","templated":true}]}}

Lluís Cavallé

<p>Sempre he tingut moltes inquietuds i un ventall d’interessos molt ampli. Per això, vaig decidir formar-me en els dos camps que més m’apassionen: la <strong><a href="http://www.tupsicologobarcelona.com/ca/psicologia">psicologia</a> clínica</strong> i la <strong><a href="http://www.tupsicologobarcelona.com/ca/neuropsicologia">neuropsicologia</a></strong>. Desenvolupo la meva professió de psicòleg i neuropsicòleg en consulta presencial a <strong>Barcelona</strong> i mitjançant <strong><a href="http://www.tupsicologobarcelona.com/ca/tractaments-online">teràpia online</a></strong>. Estic col·legiat amb el número 20.176 al Col·legi Oficial de Psicologia de Catalunya i reconegut oficialment com a <strong>psicòleg general sanitari</strong> i com a <strong>expert en neuropsicologia clínica</strong>.</p>
<p>Dins la psicologia clínica em vaig formar des d&#8217;una perspectiva anomenada <strong>cognitiva-conductual</strong> a través d&#8217;un màster en psicologia clínica i de la salut. Aquest és l’enfocament de referència en el moment de tractar l&#8217;àmplia gamma de trastorns del comportament humà i els trastorns emocionals com l’ansietat, depressió o estrès. No obstant, ràpidament em vaig interessar per altres eines. Per això em vaig especialitzar en teràpia <a href="http://www.tupsicologobarcelona.com/ca/preguntes-frequents/que-es-la-emdr-364">EMDR</a> (eina molt útil en casos de trauma) i en <a href="http://www.tupsicologobarcelona.com/ca/preguntes-frequents/que-es-la-trec-2-366">TREC</a> (Teràpia Racional Emotiva Conductual) la qual permet comprendre com es relacionen els pensaments, la conducta i les emocions.</p>
<p>En neuropsicologia el que em motiva més, a banda del diagnòstic, és saber què tenen preservat les persones, què poden fer, i potenciar aquestes característiques. Per aquest motiu em vaig interessar especialment per la <a href="http://www.tupsicologobarcelona.com/ca/neuropsicologia/rehabilitacio-neuropsicologica">rehabilitació neuropsicològica</a> i l’<a href="http://www.tupsicologobarcelona.com/ca/neuropsicologia/estimulacio-cognitiva">estimulació cognitiva</a> i he rebut formació diversa relacionada en aquest àmbit.</p>
<p>Actualment treballo a l’Hospital Universitari Joan XXIII al servei de neurologia, tractant a pacients amb dany cerebral adquirit i malalties neurodegeneratives, i ho compagino amb la consulta, que és la que m’emociona enormement.</p>
<p>Al llarg de la meva experiència m&#8217;he adonat que gaudeixo especialment amb el contacte de tu a tu. Les dificultats que tots mostrem a l’inici dels tractaments i de les teràpies i com, mica en mica, anem posant els fonaments per fer un nou enfocament en les vides. És precisament per aquest motiu que sempre he dit i defensat que la meva professió (la psicologia i la neuropsicologia) és motivadora i especial.</p>
<h2>Formació específica</h2>
<ul>
<li><strong>Llicenciat en Psicologia</strong>. Universitat Rovira i Virgili, Tarragona.</li>
<li><strong>Màster en Psicologia Clínica i Medicina Conductual</strong>. Universitat Autònoma de Barcelona.</li>
<li><strong>Nivell avançat en teràpia EMDR</strong> (Eye Movement Desensitization and Reprocessing). Associación EMDR España, Madrid.</li>
<li><strong>Màster Oficial en Neurorehabilitació i Estimulació Cognitiva</strong>. Institut Guttmann, Badalona.</li>
<li><strong>Màster de Neuropsicologia i Neurologia de la Conducta</strong>. Universitat Autònoma de Barcelona.</li>
<li><strong>Màster en Teràpia Racional Emotiva Conductual</strong>. Institut RET, Barcelona.</li>
<li><strong>Acreditació Oficial com a Psicòleg General Sanitari</strong>. Col·legi Oficial de Psicologia de Catalunya.</li>
<li><strong>Acreditació d&#8217;Expertesa Nacional en Neuropsicologia Clínica. </strong>Consejo General de la Psicología de Espanya.</li>
<li><strong>Especialització en Psicologia Forense.</strong> Col·legi Oficial de Psicologia de Catalunya.</li>
<li><strong>Especialització en Demències i Altres Afectacions Neurodegeneratives</strong>. Universitat Oberta de Catalunya.</li>
</ul>

<p>Sempre he tingut moltes inquietuds i un ventall d’interessos molt ampli. Per això, vaig decidir formar-me en els dos camps que més m’apassionen: la psicologia clínica i la neuropsicologia. Desenvolupo la meva professió de psicòleg i neuropsicòleg en consulta presencial a Barcelona i mitjançant teràpia online. Estic col·legiat amb el número 20.176 al Col·legi Oficial de Psicologia de Catalunya i reconegut oficialment com a psicòleg general sanitari i [&hellip;]</p>
