{"id":263,"date":"2016-01-24T12:37:50","date_gmt":"2016-01-24T11:37:50","guid":{"rendered":"http:\/\/www.tupsicologobarcelona.com\/?page_id=263"},"modified":"2016-02-18T09:20:43","modified_gmt":"2016-02-18T08:20:43","slug":"estimulacio-cognitiva","status":"publish","type":"page","link":"https:\/\/www.tupsicologobarcelona.com\/ca\/neuropsicologia\/estimulacio-cognitiva","title":{"rendered":"Estimulaci\u00f3 cognitiva"},"content":{"rendered":"<p>Amb l\u2019<strong>estimulaci\u00f3 cognitiva<\/strong> es pret\u00e9n, preservar i <strong>mantenir<\/strong> tant de temps com sigui possible funcions com la <strong>mem\u00f2ria<\/strong>, el <strong>llenguatge<\/strong>, l\u2019<strong>organitzaci\u00f3<\/strong>, l\u2019<strong>atenci\u00f3<\/strong> o les <strong>capacitats perceptives<\/strong>, al temps que repercuteix en una millora de la qualitat de vida.<\/p>\n<p>En el cas de les malalties neurodegeneratives com ho s\u00f3n la Malaltia d&#8217;<strong>Alzheimer<\/strong>, <strong>P\u00e0rkinson<\/strong>, <strong>Esclerosi M\u00faltiple<\/strong>&#8230; es produeixen afectacions de les funcions cognitives que van minvant amb el pas del temps. Davant d\u2019aquesta realitat, s\u2019ha demostrat que realitzant una s\u00e8rie d\u2019activitats es pot aconseguir que aquest declivi es produeixi de forma m\u00e9s progressiva i que la persona pugui mantenir l\u2019autonomia personal durant m\u00e9s temps.<\/p>\n<p>En els pa\u00efsos com el nostre, les dem\u00e8ncies no nom\u00e9s s\u00f3n malalties prevalents, sin\u00f3 que tamb\u00e9 s\u2019han convertit en un important problema sociosanitari, com demostra el seu quart lloc com a causa de la p\u00e8rdua d\u2019anys de vida degut a la discapacitat. Les prediccions indiquen que la situaci\u00f3 no millorar\u00e0 ja que les projeccions realitzades per l\u2019any 2050 auguren que la prevalen\u00e7a actual es quadrupliqui.<\/p>\n<p>Dins les dem\u00e8ncies, la m\u00e9s freq\u00fcent \u00e9s la malaltia d\u2019Alzheimer seguida de la dem\u00e8ncia vascular. En termes generals, la prevalen\u00e7a de dem\u00e8ncia se situa per sota del 2% en el grup de gent gran, d&#8217;edats compreses entre 65 i 69 anys. Aquest valor es duplica cada 5 anys i \u00e9s al voltant del 20% en el grup de 80 a 84 anys, arribant a valors del 30% per sobre dels 90 anys. A l\u2019estat, les taxes de prevalen\u00e7a per a majors de 65 anys se situen entre el 5,2% i el 16,3%, arribant al 22% en homes majors de 85 anys i al 30% en dones.<\/p>\n","protected":false},"excerpt":{"rendered":"<p>Amb l\u2019estimulaci\u00f3 cognitiva es pret\u00e9n, preservar i mantenir tant de temps com sigui possible funcions com la mem\u00f2ria, el llenguatge, l\u2019organitzaci\u00f3, l\u2019atenci\u00f3 o les capacitats perceptives, al temps que repercuteix en una millora de la qualitat de vida. En el cas de les malalties neurodegeneratives com ho s\u00f3n la Malaltia d&#8217;Alzheimer, P\u00e0rkinson, Esclerosi M\u00faltiple&#8230; es [&hellip;]<\/p>\n","protected":false},"author":1,"featured_media":0,"parent":259,"menu_order":0,"comment_status":"closed","ping_status":"closed","template":"","meta":{"footnotes":""},"class_list":["post-263","page","type-page","status-publish","hentry"],"_links":{"self":[{"href":"https:\/\/www.tupsicologobarcelona.com\/ca\/wp-json\/wp\/v2\/pages\/263","targetHints":{"allow":["GET"]}}],"collection":[{"href":"https:\/\/www.tupsicologobarcelona.com\/ca\/wp-json\/wp\/v2\/pages"}],"about":[{"href":"https:\/\/www.tupsicologobarcelona.com\/ca\/wp-json\/wp\/v2\/types\/page"}],"author":[{"embeddable":true,"href":"https:\/\/www.tupsicologobarcelona.com\/ca\/wp-json\/wp\/v2\/users\/1"}],"replies":[{"embeddable":true,"href":"https:\/\/www.tupsicologobarcelona.com\/ca\/wp-json\/wp\/v2\/comments?post=263"}],"version-history":[{"count":1,"href":"https:\/\/www.tupsicologobarcelona.com\/ca\/wp-json\/wp\/v2\/pages\/263\/revisions"}],"predecessor-version":[{"id":265,"href":"https:\/\/www.tupsicologobarcelona.com\/ca\/wp-json\/wp\/v2\/pages\/263\/revisions\/265"}],"up":[{"embeddable":true,"href":"https:\/\/www.tupsicologobarcelona.com\/ca\/wp-json\/wp\/v2\/pages\/259"}],"wp:attachment":[{"href":"https:\/\/www.tupsicologobarcelona.com\/ca\/wp-json\/wp\/v2\/media?parent=263"}],"curies":[{"name":"wp","href":"https:\/\/api.w.org\/{rel}","templated":true}]}}

Estimulació cognitiva

<p>Amb l’<strong>estimulació cognitiva</strong> es pretén, preservar i <strong>mantenir</strong> tant de temps com sigui possible funcions com la <strong>memòria</strong>, el <strong>llenguatge</strong>, l’<strong>organització</strong>, l’<strong>atenció</strong> o les <strong>capacitats perceptives</strong>, al temps que repercuteix en una millora de la qualitat de vida.</p>
<p>En el cas de les malalties neurodegeneratives com ho són la Malaltia d&#8217;<strong>Alzheimer</strong>, <strong>Pàrkinson</strong>, <strong>Esclerosi Múltiple</strong>&#8230; es produeixen afectacions de les funcions cognitives que van minvant amb el pas del temps. Davant d’aquesta realitat, s’ha demostrat que realitzant una sèrie d’activitats es pot aconseguir que aquest declivi es produeixi de forma més progressiva i que la persona pugui mantenir l’autonomia personal durant més temps.</p>
<p>En els països com el nostre, les demències no només són malalties prevalents, sinó que també s’han convertit en un important problema sociosanitari, com demostra el seu quart lloc com a causa de la pèrdua d’anys de vida degut a la discapacitat. Les prediccions indiquen que la situació no millorarà ja que les projeccions realitzades per l’any 2050 auguren que la prevalença actual es quadrupliqui.</p>
<p>Dins les demències, la més freqüent és la malaltia d’Alzheimer seguida de la demència vascular. En termes generals, la prevalença de demència se situa per sota del 2% en el grup de gent gran, d&#8217;edats compreses entre 65 i 69 anys. Aquest valor es duplica cada 5 anys i és al voltant del 20% en el grup de 80 a 84 anys, arribant a valors del 30% per sobre dels 90 anys. A l’estat, les taxes de prevalença per a majors de 65 anys se situen entre el 5,2% i el 16,3%, arribant al 22% en homes majors de 85 anys i al 30% en dones.</p>

<p>Amb l’estimulació cognitiva es pretén, preservar i mantenir tant de temps com sigui possible funcions com la memòria, el llenguatge, l’organització, l’atenció o les capacitats perceptives, al temps que repercuteix en una millora de la qualitat de vida. En el cas de les malalties neurodegeneratives com ho són la Malaltia d&#8217;Alzheimer, Pàrkinson, Esclerosi Múltiple&#8230; es [&hellip;]</p>
