{"id":279,"date":"2016-01-24T12:17:00","date_gmt":"2016-01-24T11:17:00","guid":{"rendered":"http:\/\/www.tupsicologobarcelona.com\/?page_id=279"},"modified":"2016-02-12T14:00:29","modified_gmt":"2016-02-12T13:00:29","slug":"cuidador","status":"publish","type":"page","link":"https:\/\/www.tupsicologobarcelona.com\/ca\/psicologia\/cuidador","title":{"rendered":"Suport al cuidador"},"content":{"rendered":"<p>En ple segle XXI s\u00f3n moltes les fam\u00edlies que tenen un <strong>familiar<\/strong> amb alguna malaltia de <strong>dem\u00e8ncia<\/strong> o alguna altra afectaci\u00f3 neurol\u00f2gica. Sigui com sigui, cal que cada fam\u00edlia pugui comprendre les diferents alteracions o situacions en que es pot trobar la persona afectada i que el <strong>cuidador<\/strong> s\u00e0piga com actuar davant els possibles problemes que poden sorgir. Cap de nosaltres ha nascut preparat amb les eines necess\u00e0ries per afrontar aquest tipus de situacions que poden arribar a ser tan complicades.<\/p>\n<p>Quan cuidem d\u2019alg\u00fa canviem, sense pretendre-ho, molts aspectes de la nostra vida. En moltes ocasions aquests canvis originen el que s\u2019anomena la <strong>s\u00edndrome del cuidador<\/strong>. Aquesta tracta d\u2019un conjunt de s\u00edmptomes emocionals (irritabilitat, <a href=\"http:\/\/www.tupsicologobarcelona.com\/ca\/psicologia\/depressio\">depressi\u00f3<\/a>, <a href=\"http:\/\/www.tupsicologobarcelona.com\/ca\/psicologia\/ansietat\">ansietat<\/a>), f\u00edsics (fatiga, cansament, <a href=\"http:\/\/www.tupsicologobarcelona.com\/ca\/psicologia\/insomni\">insomni<\/a>) i conductuals que pateix la persona cuidadora, en molts dels casos a causa de la <strong>sobrec\u00e0rrega<\/strong> que suposa cuidar. \u00a0El nostre entorn tamb\u00e9 se\u2019n pot ressentir i, de fet, s\u00f3n molt freq\u00fcents els problemes a nivell familiar i laboral.<\/p>\n<p>Es per aix\u00f2 que des de la consulta s\u2019ofereix:<\/p>\n<ul>\n<li><strong>Psicoeducaci\u00f3<\/strong>: assessorament i informaci\u00f3 de la patologia.<\/li>\n<li><strong>Formaci\u00f3 del cuidador<\/strong>: en la qual la intervenci\u00f3 es realitza de forma individual, dotant el cuidador d\u2019estrat\u00e8gies i eines que permetin una millora de les cures que ofereix a la persona afectada. El familiar \u00e9s qui millor coneix a la persona que cuida i \u00e9s qui podr\u00e0 tamb\u00e9 ajudar a promoure els canvis i a modificar els costums i rutines que no resultaven del tot assertives.<\/li>\n<\/ul>\n<p>&nbsp;<\/p>\n","protected":false},"excerpt":{"rendered":"<p>En ple segle XXI s\u00f3n moltes les fam\u00edlies que tenen un familiar amb alguna malaltia de dem\u00e8ncia o alguna altra afectaci\u00f3 neurol\u00f2gica. Sigui com sigui, cal que cada fam\u00edlia pugui comprendre les diferents alteracions o situacions en que es pot trobar la persona afectada i que el cuidador s\u00e0piga com actuar davant els possibles problemes [&hellip;]<\/p>\n","protected":false},"author":1,"featured_media":0,"parent":271,"menu_order":0,"comment_status":"closed","ping_status":"closed","template":"","meta":{"footnotes":""},"class_list":["post-279","page","type-page","status-publish","hentry"],"_links":{"self":[{"href":"https:\/\/www.tupsicologobarcelona.com\/ca\/wp-json\/wp\/v2\/pages\/279","targetHints":{"allow":["GET"]}}],"collection":[{"href":"https:\/\/www.tupsicologobarcelona.com\/ca\/wp-json\/wp\/v2\/pages"}],"about":[{"href":"https:\/\/www.tupsicologobarcelona.com\/ca\/wp-json\/wp\/v2\/types\/page"}],"author":[{"embeddable":true,"href":"https:\/\/www.tupsicologobarcelona.com\/ca\/wp-json\/wp\/v2\/users\/1"}],"replies":[{"embeddable":true,"href":"https:\/\/www.tupsicologobarcelona.com\/ca\/wp-json\/wp\/v2\/comments?post=279"}],"version-history":[{"count":4,"href":"https:\/\/www.tupsicologobarcelona.com\/ca\/wp-json\/wp\/v2\/pages\/279\/revisions"}],"predecessor-version":[{"id":406,"href":"https:\/\/www.tupsicologobarcelona.com\/ca\/wp-json\/wp\/v2\/pages\/279\/revisions\/406"}],"up":[{"embeddable":true,"href":"https:\/\/www.tupsicologobarcelona.com\/ca\/wp-json\/wp\/v2\/pages\/271"}],"wp:attachment":[{"href":"https:\/\/www.tupsicologobarcelona.com\/ca\/wp-json\/wp\/v2\/media?parent=279"}],"curies":[{"name":"wp","href":"https:\/\/api.w.org\/{rel}","templated":true}]}}

<p>En ple segle XXI són moltes les famílies que tenen un <strong>familiar</strong> amb alguna malaltia de <strong>demència</strong> o alguna altra afectació neurològica. Sigui com sigui, cal que cada família pugui comprendre les diferents alteracions o situacions en que es pot trobar la persona afectada i que el <strong>cuidador</strong> sàpiga com actuar davant els possibles problemes que poden sorgir. Cap de nosaltres ha nascut preparat amb les eines necessàries per afrontar aquest tipus de situacions que poden arribar a ser tan complicades.</p>
<p>Quan cuidem d’algú canviem, sense pretendre-ho, molts aspectes de la nostra vida. En moltes ocasions aquests canvis originen el que s’anomena la <strong>síndrome del cuidador</strong>. Aquesta tracta d’un conjunt de símptomes emocionals (irritabilitat, <a href="http://www.tupsicologobarcelona.com/ca/psicologia/depressio">depressió</a>, <a href="http://www.tupsicologobarcelona.com/ca/psicologia/ansietat">ansietat</a>), físics (fatiga, cansament, <a href="http://www.tupsicologobarcelona.com/ca/psicologia/insomni">insomni</a>) i conductuals que pateix la persona cuidadora, en molts dels casos a causa de la <strong>sobrecàrrega</strong> que suposa cuidar.  El nostre entorn també se’n pot ressentir i, de fet, són molt freqüents els problemes a nivell familiar i laboral.</p>
<p>Es per això que des de la consulta s’ofereix:</p>
<ul>
<li><strong>Psicoeducació</strong>: assessorament i informació de la patologia.</li>
<li><strong>Formació del cuidador</strong>: en la qual la intervenció es realitza de forma individual, dotant el cuidador d’estratègies i eines que permetin una millora de les cures que ofereix a la persona afectada. El familiar és qui millor coneix a la persona que cuida i és qui podrà també ajudar a promoure els canvis i a modificar els costums i rutines que no resultaven del tot assertives.</li>
</ul>
<p>&nbsp;</p>

<p>En ple segle XXI són moltes les famílies que tenen un familiar amb alguna malaltia de demència o alguna altra afectació neurològica. Sigui com sigui, cal que cada família pugui comprendre les diferents alteracions o situacions en que es pot trobar la persona afectada i que el cuidador sàpiga com actuar davant els possibles problemes [&hellip;]</p>
