{"id":875,"date":"2020-09-06T19:06:34","date_gmt":"2020-09-06T17:06:34","guid":{"rendered":"https:\/\/www.tupsicologobarcelona.com\/?page_id=875"},"modified":"2022-01-13T21:50:34","modified_gmt":"2022-01-13T20:50:34","slug":"equip","status":"publish","type":"page","link":"https:\/\/www.tupsicologobarcelona.com\/ca\/equip","title":{"rendered":"Equip"},"content":{"rendered":"<p>Actualment l\u2019<strong>equip<\/strong> el formem <strong>tres psic\u00f2legs<\/strong> que fa anys que ens coneixem. A m\u00e9s de portar-nos molt b\u00e9 personalment, en la pr\u00e0ctica professional encaixem i ens complementem de forma molt s\u00f2lida. La corrent psicol\u00f2gica i forma de treballar que ambd\u00f3s tenim s\u00f3n les mateixes per\u00f2 comptem amb especialitats molt diferents que ens permeten abordar una gran diversitat de casos.<\/p>\n<p>Tots tres sentim un profund respecte per la professi\u00f3, gaudim de la feina que fem i a l\u2019hora de treballar seguim una metodologia que transcendeix a les sessions en s\u00ed. De forma quinzenal ens reunim per fer sessions cl\u00edniques i revisem tots els casos que en l\u2019actualitat portem, els canvis i evoluci\u00f3 que est\u00e0 havent-hi en cadascun d\u2019ells.<\/p>\n","protected":false},"excerpt":{"rendered":"<p>Actualment l\u2019equip el formem tres psic\u00f2legs que fa anys que ens coneixem. A m\u00e9s de portar-nos molt b\u00e9 personalment, en la pr\u00e0ctica professional encaixem i ens complementem de forma molt s\u00f2lida. La corrent psicol\u00f2gica i forma de treballar que ambd\u00f3s tenim s\u00f3n les mateixes per\u00f2 comptem amb especialitats molt diferents que ens permeten abordar una [&hellip;]<\/p>\n","protected":false},"author":1,"featured_media":0,"parent":0,"menu_order":0,"comment_status":"closed","ping_status":"closed","template":"","meta":{"footnotes":""},"class_list":["post-875","page","type-page","status-publish","hentry"],"_links":{"self":[{"href":"https:\/\/www.tupsicologobarcelona.com\/ca\/wp-json\/wp\/v2\/pages\/875","targetHints":{"allow":["GET"]}}],"collection":[{"href":"https:\/\/www.tupsicologobarcelona.com\/ca\/wp-json\/wp\/v2\/pages"}],"about":[{"href":"https:\/\/www.tupsicologobarcelona.com\/ca\/wp-json\/wp\/v2\/types\/page"}],"author":[{"embeddable":true,"href":"https:\/\/www.tupsicologobarcelona.com\/ca\/wp-json\/wp\/v2\/users\/1"}],"replies":[{"embeddable":true,"href":"https:\/\/www.tupsicologobarcelona.com\/ca\/wp-json\/wp\/v2\/comments?post=875"}],"version-history":[{"count":4,"href":"https:\/\/www.tupsicologobarcelona.com\/ca\/wp-json\/wp\/v2\/pages\/875\/revisions"}],"predecessor-version":[{"id":1033,"href":"https:\/\/www.tupsicologobarcelona.com\/ca\/wp-json\/wp\/v2\/pages\/875\/revisions\/1033"}],"wp:attachment":[{"href":"https:\/\/www.tupsicologobarcelona.com\/ca\/wp-json\/wp\/v2\/media?parent=875"}],"curies":[{"name":"wp","href":"https:\/\/api.w.org\/{rel}","templated":true}]}}

<p>Actualment l’<strong>equip</strong> el formem <strong>tres psicòlegs</strong> que fa anys que ens coneixem. A més de portar-nos molt bé personalment, en la pràctica professional encaixem i ens complementem de forma molt sòlida. La corrent psicològica i forma de treballar que ambdós tenim són les mateixes però comptem amb especialitats molt diferents que ens permeten abordar una gran diversitat de casos.</p>
<p>Tots tres sentim un profund respecte per la professió, gaudim de la feina que fem i a l’hora de treballar seguim una metodologia que transcendeix a les sessions en sí. De forma quinzenal ens reunim per fer sessions clíniques i revisem tots els casos que en l’actualitat portem, els canvis i evolució que està havent-hi en cadascun d’ells.</p>

<p>Actualment l’equip el formem tres psicòlegs que fa anys que ens coneixem. A més de portar-nos molt bé personalment, en la pràctica professional encaixem i ens complementem de forma molt sòlida. La corrent psicològica i forma de treballar que ambdós tenim són les mateixes però comptem amb especialitats molt diferents que ens permeten abordar una [&hellip;]</p>
